53290 is divided by 931.
930
Calculate the remainder when 7693265 is divided by 2564419.
8
Calculate the remainder when 208387889 is divided by 72.
17
Calculate the remainder when 13842821 is divided by 1384280.
21
Calculate the remainder when 99097 is divided by 1606.
1131
What is the remainder when 3713644 is divided by 408?
28
What is the remainder when 132289 is divided by 1215?
1069
Calculate the remainder when 1115094 is divided by 590.
584
Calculate the remainder when 74358647 is divided by 14.
13
Calculate the remainder when 2199639 is divided by 1978.
103
Calculate the remainder when 678895 is divided by 13055.
35
What is the remainder when 1194995 is divided by 653?
5
Calculate the remainder when 784686 is divided by 3203.
3154
What is the remainder when 234427481 is divided by 8376?
8369
Calculate the remainder when 29999275 is divided by 157.
29
Calculate the remainder when 1378090 is divided by 3583.
2218
Calculate the remainder when 21051200 is divided by 2710.
2630
What is the remainder when 3771707 is divided by 6?
5
What is the remainder when 12090017 is divided by 206?
83
What is the remainder when 49207612 is divided by 7303?
7301
Calculate the remainder when 45902879 is divided by 32.
31
Calculate the remainder when 535560777 is divided by 61.
53
Calculate the remainder when 2442947 is divided by 25715.
22
Calculate the remainder when 828422 is divided by 131.
109
What is the remainder when 3695258 is divided by 250?
8
What is the remainder when 3782736 is divided by 359?
312
Calculate the remainder when 1587495 is divided by 247.
26
What is the remainder when 379844 is divided by 54239?
171
Calculate the remainder when 26683207 is divided by 16.
7
What is the remainder when 3456214 is divided by 1152065?
19
What is the remainder when 81938068 is divided by 54?
34
What is the remainder when 243114482 is divided by 106?
90
What is the remainder when 657566 is divided by 804?
698
What is the remainder when 25648591 is divided by 6538?
17
What is the remainder when 6270082 is divided by 570006?
16
Calculate the remainder when 143330 is divided by 527.
513
What is the remainder when 7661494 is divided by 1392?
1318
Calculate the remainder when 3126532 is divided by 1042093.
253
Calculate the remainder when 19271997 is divided by 352.
349
Calculate the remainder when 8926288 is divided by 2975411.
55
Calculate the remainder when 969307 is divided by 736.
731
What is the remainder when 35394274 is divided by 11798067?
73
Calculate the remainder when 11118027 is divided by 1389740.
107
Calculate the remainder when 4281906 is divided by 535234.
34
Calculate the remainder when 80595059 is divided by 13.
12
What is the remainder when 230254 is divided by 74548?
6610
What is the remainder when 2894825 is divided by 70605?
20
Calculate the remainder when 195530 is divided by 95479.
4572
Calculate the remainder when 699254 is divided by 8527.
40
What is the remainder when 92470 is divided by 42301?
7868
Calculate the remainder when 456811785 is divided by 2654.
2651
Calculate the remainder when 3920211 is divided by 1184.
1171
Calculate the remainder when 635012 is divided by 45274.
1176
What is the remainder when 621666 is divided by 1058?
620
What is the remainder when 32220 is divided by 1465?
1455
What is the remainder when 9582293 is divided by 351?
344
Calculate the remainder when 18151339 is divided by 87.
7
Calculate the remainder when 11271371 is divided by 203.
202
Calculate the remainder when 38996543 is divided by 3.
2
What is the remainder when 977924 is divided by 8021?
7383
Calculate the remainder when 1462770 is divided by 1797.
12
Calculate the remainder when 1335852 is divided by 76.
0
What is the remainder when 40147195 is divided by 347?
336
What is the remainder when 3221608 is divided by 43535?
18
Calculate the remainder when 31312103 is divided by 58.
49
What is the remainder when 226358 is divided by 15049?
623
What is the remainder when 3516056 is divided by 2616?
152
What is the remainder when 244131198 is divided by 3968?
3966
Calculate the remainder when 1930715 is divided by 10493.
3
Calculate the remainder when 743054 is divided by 1512.
662
Calculate the remainder when 293985 is divided by 41947.
356
Calculate the remainder when 3332384460 is divided by 2231.
2228
What is the remainder when 57235137 is divided by 173?
163
Calculate the remainder when 60138423 is divided by 172.
171
Calculate the remainder when 379655 is divided by 31606.
383
What is the remainder when 289803 is divided by 143801?
2201
Calculate the remainder when 469073 is divided by 110.
33
What is the remainder when 662553 is divided by 232?
193
Calculate the remainder when 139325 is divided by 3537.
1382
Calculate the remainder when 427239 is divided by 4369.
3446
Calculate the remainder when 1491682 is divided by 3.
1
What is the remainder when 524943 is divided by 899?
826
Calculate the remainder when 12269 is divided by 1152.
749
Calculate the remainder when 2446859 is divided by 8738.
219
What is the remainder when 4912827 is divided by 663?
660
Calculate the remainder when 57541 is divided by 42.
1
What is the remainder when 9304718 is divided by 9456?
14
What is the remainder when 3941231 is divided by 3940228?
1003
Calculate the remainder when 3125356 is divided by 7.
3
Calculate the remainder when 23872 is divided by 22870.
1002
What is the remainder when 9870011 is divided by 1476?
1475
Calculate the remainder when 104215302 is divided by 2602.
2600
What is the remainder when 785465 is divided by 41076?
5021
What is the remainder when 396023 is divided by 2809?
2763
Calculate the remainder when 505021 is divided by 3382.
1103
Calculate the remainder when 65435669 is divided by 1128201.
11
What is the remainder when 10050122 is divided by 437?
433
Calculate the remainder when 43382145 is divided by 863.
861
What is the remainder when 29047 is divided by 5664?
727
What is the remainder when 48951708 is divided by 24475852?
4
Calculate the remainder when 61367551 is divided by 1088.
1087
Calculate the remainder when 1441833 is divided by 205961.
106
Calculate the remainder when 51092881 is divided by 1285.
1281
What is the remainder when 12529 is divided by 1250?
29
What is the remainder when 6271495 is divided by 308?
307
Calculate the remainder when 2376787 is divided by 1188393.
1
What is the remainder when 150928573 is divided by 50?
23
Calculate the remainder when 177157 is divided by 968.
13
What is the remainder when 396357 is divided by 8?
5
Calculate the remainder when 5919896 is divided by 407.
81
What is the remainder when 268105 is divided by 6538?
47
What is the remainder when 113852 is divided by 4726?
428
What is the remainder when 890086 is divided by 1465?
831
Calculate the remainder when 48449877 is divided by 16502.
5
What is the remainder when 40463311 is divided by 84?
7
Calculate the remainder when 1374135 is divided by 112.
7
Calculate the remainder when 2409117 is divided by 25359.
12
Calculate the remainder when 2669274 is divided by 1304.
1290
Calculate the remainder when 153337 is divided by 604.
525
What is the remainder when 777544 is divided by 401?
5
What is the remainder when 195564 is divided by 1996?
1952
Calculate the remainder when 127248 is divided by 44.
0
Calculate the remainder when 1601208 is divided by 352.
312
Calculate the remainder when 34963538 is divided by 27.
23
Calculate the remainder when 17081427 is divided by 5929.
5907
Calculate the remainder when 122007 is divided by 5783.
564
Calculate the remainder when 6002273 is divided by 232.
201
What is the remainder when 22620 is divided by 4474?
250
What is the remainder when 208871 is divided by 12285?
26
Calculate the remainder when 7215 is divided by 908.
859
Calculate the remainder when 879342 is divided by 2168.
1302
What is the remainder when 11083477 is divided by 4926?
4903
What is the remainder when 48671 is divided by 11901?
1067
What is the remainder when 3795222 is divided by 424?
422
Calculate the remainder when 354751 is divided by 33.
1
Calculate the remainder when 1903614799 is divided by 11.
9
What is the remainder when 7223577 is divided by 130?
127
Calculate the remainder when 1516977 is divided by 1203.
1197
W